**3 - 2*l + 1. Let g(d) = -d**2 + 5*d + 3. Let k be g(6). Let u be 1/k + (-34)/6. Let t be ((-4)/6)/(2/u). What is q(t)?
5
Let r(w) = w - 5*w - 12 + 5*w. What is r(5)?
-7
Let q(r) = -r**3 + 3*r**2 + 4*r + 5. Let w be q(4). Let y(a) be the first derivative of -a**3/3 + 3*a**2/2 + 6*a + 22. What is y(w)?
-4
Let r(i) = -4 - 3 + 7*i**2 + 0*i**2 - 6*i**2 + i. Calculate r(0).
-7
Suppose 0 = -l + 4*l + 36. Let r = l - -13. Let s(d) = -8*d**3 + 2*d**2 - d. Give s(r).
-7
Let c = -2 - -4. Suppose 1 + 1 = c*b. Let d(n) be the second derivative of n**3/2 - n**2/2 + 2*n. Calculate d(b).
2
Let s(h) be the first derivative of -h**3/3 + 5*h**2 - 4*h + 22. Give s(5).
21
Let a(k) = -k**2 - 8*k - 8. Let t be -6 + 3 - 0 - 3. Give a(t).
4
Let d(v) = -v**3 - 7*v**2 + 2*v + 4. Let o = 27 - 34. Determine d(o).
-10
Let f(w) = -101*w**2 + 1 + 9*w + 103*w**2 - 11*w. Determine f(2).
5
Let p(k) = k**2 - 2*k + 1. Let a be p(1). Let t = 1 - a. Let d(r) = 3*r**2 + r - 1. Let f be d(t). Let u(g) = g**3 - 2*g**2 - g + 4. Determine u(f).
10
Let c(g) be the third derivative of g**3/6 + g**2. Let w(p) = -2 - 2*p - 5*p**2 + p**3 + 6 + 3. Let l(r) = -2*c(r) + w(r). Give l(5).
-5
Let a(i) = i**3 + 4*i**2 + 2*i. Let q be a(-3). Suppose -z = q*z + 20. Let l(t) be the third derivative of -t**4/12 - 2*t**3/3 - 12*t**2. What is l(z)?
6
Let a(v) = -7 - 3 - v**2 + 4 - 7*v. Calculate a(-5).
4
Let x(f) = -4*f**2 + 8*f - 8. Let p(w) = -7*w**2 + 15*w - 15. Let i(o) = -3*p(o) + 5*x(o). Give i(5).
5
Let k(x) = -x**3 - 5*x**2 + 3*x + 7. Let i(t) = -4*t - 1. Let g be i(-1). Let m be ((-26)/g - -2)*-3. Let n be (2/4)/((-2)/m). Give k(n).
-8
Let p = 12 - 8. Let o(h) = -h**3 + h + p*h - 6*h + 4*h**2 - 7 + 6*h. Calculate o(5).
-7
Let q(u) be the first derivative of 0*u - 1/60*u**5 + 5/6*u**3 - u**2 - 2 + 0*u**4. Let y(i) be the second derivative of q(i). Give y(0).
5
Let x(t) be the first derivative of 2*t**2 + t + 1. Let h be (9/(-18))/((-1)/2). What is x(h)?
5
Let z(f) = -2*f - 1. Suppose 0 = -2*n + 3*d - 4, -2*d - 16 = 4*n - 4*d. Calculate z(n).
9
Let d(a) = a**3 - 7*a**2 + 7*a - 6. Suppose 0 = -6*h + 5*h - 5. Let u be -3 + h/((-5)/9). Give d(u).
0
Let d = 42 - 40. Let h(t) be the first derivative of 1/2*t**d - t + 1/4*t**4 + 1 - t**3. Determine h(3).
2
Let o(v) be the second derivative of -v**4/12 + v**3 + 7*v**2/2 + v. What is o(6)?
7
Let q(k) = 3*k**3 + 6*k**2 - 5*k - 1. Let n(u) = u**3 - u - 1. Let b(j) = -4*n(j) + q(j). Calculate b(6).
-3
Let f(o) = -2*o**2 - 4*o + 5*o + 0*o - 2*o**2. Calculate f(-1).
-5
Let r(h) = h - 5. Suppose 46*d + 27 = 55*d. Determine r(d).
-2
Let j(m) = 5*m - 17. Let r(i) = 5*i - 15. Let f(h) = -6*j(h) + 7*r(h). Calculate f(2).
7
Let x(p) be the first derivative of p**4/4 + p**3/3 - p + 2. Determine x(-2).
-5
Let j(m) = 6*m**3 - m**2 + 2*m + 3. Let l(f) = 7*f**3 - 2*f**2 + 2*f + 3. Let b(y) = 6*j(y) - 5*l(y). Suppose 2 = 4*q + 18. Let k = -8 - q. Give b(k).
-5
Suppose -2*h = -2*t + 9 - 51, -5*h = 5*t - 75. Suppose -2*c + h = c. Let n(l) = -2*l - l**3 + 0*l + c + 5*l**2 - 2*l. Calculate n(4).
6
Let t(s) = -3*s - 3*s**2 - 2 - 2 + 1 + s**3. Let l = -22 + 26. What is t(l)?
1
Suppose -3*j - 6 = -18. Suppose -14*c = -15*c + j. Let w(k) = k + 1. Give w(c).
5
Suppose 8*i = 2*o + 3*i + 28, i + 8 = -3*o. Let u(q) = -10*q**2 - 15*q - 1. Let g(b) = -7*b**2 - 10*b - 1. Let d(f) = 7*g(f) - 5*u(f). Give d(o).
-6
Suppose 4*p + 5*j = -4, -3*p - j + 3 = -6*p. Let n(s) = 11*s**3 - s**2. Give n(p).
-12
Let y(b) = -4*b + 2*b - 3 + b. Let s be (12/14)/((-1)/(-7)). Calculate y(s).
-9
Let l = -12 + 8. Let x(n) be the first derivative of -n**4/4 - 5*n**3/3 - 2*n**2 - 6*n - 13. Calculate x(l).
-6
Suppose 23*a - 15*a - 16 = 0. Let p(x) = 1 + x**2 - 4 + 4 - 2*x. Determine p(a).
1
Let k(z) = 2*z + 4 + 13 + 11 - 10. Let c be k(-12). Let f(b) = b**3 + 6*b**2 - 2*b - 3. Give f(c).
9
Suppose -v - 1 = -l, 4*v + 0*v - 14 = -5*l. Let q = -6 + l. Let s(p) be the second derivative of -p**3/6 + 17*p. Calculate s(q).
4
Let p(v) = -7*v + 2. Let k(w) = -w. Let x(i) = -6*k(i) + p(i). Calculate x(0).
2
Suppose -1 + 13 = 4*a. Suppose 8 + 2 = 2*q + 2*x, 2*x = a*q. Let i(m) = m**2 - 2*m + 3. Let y(j) = -j**2. Let r(l) = i(l) + 2*y(l). Determine r(q).
-5
Let t(p) = 5*p**2 + 3 - p**2 - 5*p**2 + 3 - 10*p. Let v be t(-11). Let c(r) = -r**3 - 6*r**2 - 5*r + 3. Calculate c(v).
3
Let y be 2/8 - 78/(-8). Suppose 6*m = 8*m + y. Let d be (m - (-5 + 2))*2. Let j(x) = x**3 + 4*x**2 + x + 2. Give j(d).
-2
Let d(p) = -2*p - 6. Suppose 0*u = -4*u + 3*j + 6, -u - j = -5. Suppose -a - u = 3. Give d(a).
6
Suppose -2*m + 3*o = 17, -2*o = -3 + 5. Let k = -10 - m. Suppose k = -2*r + r + 4. Let y(d) = d**3 - 4*d**2 + 2*d - 1. What is y(r)?
7
Let o(q) be the first derivative of q**2/2 - q - 19. Determine o(0).
-1
Suppose -7*i + 5*i + 2 = 0. Let b be 8 - (-9)/(i + -4). Let u(a) = a - 2. What is u(b)?
3
Let d(v) = -v**3 + 8*v**2 - 5. Let g = 21 - -141. Let y be (-8)/(-28) - g/(-21). Determine d(y).
-5
Let d(l) = l**2 - 5*l - 6. Let f(g) = g**3 + 7*g**2 - 10*g + 9. Let c be f(-8). Suppose -4*j + c = j. What is d(j)?
-6
Let z(f) = f**3 + 5*f**2 - 6*f - 5. Let c(g) = g**2 - 2*g - 3. Let t be c(-2). Suppose -29 - 1 = t*r. Calculate z(r).
-5
Let w(m) be the second derivative of -m**4/12 - 4*m**3/3 - m**2 - 7*m. Determine w(-6).
10
Let h(k) = k**2 - 3*k**3 + 8*k**3 - 3*k**3 - k**3 + 1. What is h(-2)?
-3
Let f(p) be the third derivative of p**4/24 + 4*p**3/3 - 8*p**2. What is f(0)?
8
Let k(h) = -3*h - 2 + 3 + 0 - h**2 + 3. Suppose 0 = 2*x + 3 + 7. Calculate k(x).
-6
Let v(k) = -k + 1. Let y(i) = 2*i**2 + 5*i + 2. Let o(x) = -v(x) - y(x). Suppose -56*h = -48*h + 16. What is o(h)?
-3
Let z(o) = -o**3 + 2*o**2 + 3*o + 2. Let i be z(3). Let g(w) = 0*w**2 + w**i + 1 + 0 - 5*w. Suppose 2*y = -1 + 9. Calculate g(y).
-3
Let r be 4/9 - (-23)/9. Let q(w) = w**3 - 2*w**2 - w + 2. Calculate q(r).
8
Let u(x) = -x**3 - 2*x**2 + 4*x + 3. Let s be u(-3). Suppose s = -5*y, q + 3*y = -0 + 1. Let m be q/(2*-1)*2. Let g(j) = 6*j**2 + j + 1. What is g(m)?
6
Let d(f) = 2 - 3 - 3 - f. Suppose -4*a - 3 = -t, a + 2*a + 4*t - 12 = 0. Suppose -2*h = -a*h. Determine d(h).
-4
Let t(o) be the third derivative of o**4/12 - 3*o**3/2 - 7*o**2. What is t(6)?
3
Let r(a) be the third derivative of -a**6/120 - a**5/12 + a**4/12 + a**3 + 19*a**2. Calculate r(-5).
-4
Let k(y) be the third derivative of -y**7/2520 - y**6/144 - y**5/12 + 2*y**2. Let r(c) be the third derivative of k(c). Give r(-5).
5
Let y(q) be the first derivative of 2*q**3/3 + q**2 + 3*q - 52. Give y(-2).
7
Let h be -3 - -5 - -3 - 3. Suppose h*o + 2*d - 14 = 0, -5*o - d = -12 - 11. Let n(c) = -4*c + o*c - 6 + 6*c**2 - 2*c + 0*c**3 + c**3. Determine n(-6).
6
Let g(x) be the second derivative of x + x**3 + 0 + 0*x**2 - 1/6*x**4. Calculate g(4).
-8
Let g(d) be the first derivative of -d**3/3 + 3*d**2/2 - 48. Give g(3).
0
Let b(d) = 2*d - 3. Let u be b(3). Suppose 0*t = t - 5*r - 3, 5*r = 0. Let v(k) = k**2 + 4*k**u - k**3 - 2*k**t + 5*k**3 + 1 + k. Determine v(-1).
-5
Let o be (4 - 2) + (0 - 5). Let i(a) = -a**3 - 3*a**2 - a. Let g be i(o). Let y(r) be the first derivative of r**4/4 - 2*r**3/3 - 2*r**2 + 2. Determine y(g).
-3
Let d = 17 + -27. Let q(p) = -p - 8. Let h be q(d). Let i(w) = 4 + w**3 + w + 0*w**h - 4*w + 4*w**2 - 2*w**2. Calculate i(-3).
4
Let s(f) = -2*f - 2. Let l(q) = q**3 - 4*q**2 - 4*q - 2. Let h = -7 - -12. Let t be l(h). Suppose j + 3*k = -3, t*k - 9 = 3*j - 0*j. Give s(j).
4
Let h(p) = -3*p - 1. Let u be h(-2). Let o(z) = -z**3 + z**2 - z - 1. Let a(n) = -6*n**3 + 10*n**2 - 4*n - 12. Let d(g) = -a(g) + 5*o(g). Determine d(u).
2
Let q(k) = -2*k**2 + 7*k - 6. Let x(u) = -u**2 + 4*u - 3. Let m(i) = 3*q(i) - 7*x(i). What is m(6)?
-3
Let y(c) = -c - 4. Let u be 2*(-3)/(-12)*-6. Let h be (-4)/(-6) - (-26)/u. Let b = h + 4. Calculate y(b).
0
Let k(f) = -40*f + 16. Let j(n) = 8*n - 3. Suppose 0 = -4*o - 1 - 35. Let m be 18/3*(-24)/o. Let x(h) = m*j(h) + 3*k(h). Calculate x(1).
8
Let l(s) = -s**2 - s. Let q(c) = -c + 5. Let d(n) = l(n) + q(n). What is d(-5)?
-10
Let y(r) = r**2 + 2*r + 3. Let o(k) = -k - 1. Let u(m) = -2*o(m) - y(m). Give u(-2).
-5
Let k(i) be the third derivative of -i**6/120 + i**5/30 + i**4/12 - i**3/6 + i**2. Let t(u) = u**2 + 7*u - 6. Let j be t(-8). Determine k(j).
3
Let n(o) be th